8). Let k = 170 - r. Is k composite?
False
Let t(d) = 37*d**3 - d**2 + 2*d - 1. Let l(r) = 3*r + 6. Let b be l(7). Suppose 5*n = -2*j + b, -n - 6 = 4*j - 3*n. Is t(j) a prime number?
True
Let x = 376 - 262. Let w = x - -129. Suppose -5*t + w + 412 = 0. Is t a prime number?
True
Suppose -2*r + 18 = i - 13, r = 3*i + 33. Is (-14092)/(-24) - (1 - 15/r) a prime number?
True
Let p(m) = 91*m - 289. Is p(8) a prime number?
True
Suppose 23220 = 9*n - 11259. Is n prime?
False
Let o = -9 + 12. Suppose -16 = 4*a, o*s = 6*a - 2*a + 25. Suppose 0*x - 2*r = -4*x + 2810, -4*r = -s*x + 2105. Is x a composite number?
True
Suppose -1 - 3 = -4*k. Let c = k + 1. Is ((-15)/(-2))/(1/c) prime?
False
Let i(u) = -18*u**3 + 7*u**2 - 5. Let v(t) = -55*t**3 + 20*t**2 - 14. Let b(w) = -11*i(w) + 4*v(w). Let k be (1/3)/((-73)/6 + 12). Is b(k) composite?
True
Let r(x) = -x**3 + 7*x**2 + 5*x + 18. Let u be r(8). Is 1/(-3) + (-116)/u a composite number?
False
Let a be ((-62)/4)/(6/(4 + -316)). Suppose 2*z - 9*t = -4*t - 804, -2*t = -3*z - 1195. Let g = a + z. Is g a prime number?
True
Let y(o) = -o**3 - 6*o**2 - 4*o + 7. Let h be y(-5). Suppose -3*d = -h*t + 24 - 7, 4*d + 12 = 0. Suppose -2*p - t*p = -1722. Is p a prime number?
False
Let c = 8 + -17. Is (-92)/(-3)*c/(-6) prime?
False
Let w(k) = 2*k**3 - 3*k**2 + 4*k + 1. Let b be w(3). Suppose -5*v - 5*y = b, -2*v - 15 = -4*y + 1. Is (-12)/(-4 - v) + 98 composite?
True
Let f = 67 + -52. Is 797/3*45/f a composite number?
False
Suppose 3*s - 973 = 2*k, -2*s + 3*k = -s - 315. Suppose -5*d = -0*r - 4*r + s, -5*r + 412 = -3*d. Is r a composite number?
False
Let k(y) be the first derivative of -33*y**2 + y - 7. Let u = 9 + -10. Is k(u) composite?
False
Let u(c) = -c**3 + 2*c**2 - c + 34. Let i be u(0). Let s = 287 - i. Is s prime?
False
Is (-136068)/(-9) + (-1)/(-3) prime?
False
Let c(l) = l**2 + 5*l + 6. Let z be c(-4). Suppose z*g - 2849 = -5*g. Suppose 6*r - g = 1111. Is r a composite number?
True
Let l be (51 + -1)/(26/1391) + -3. Let c = 2177 + l. Is c prime?
False
Let j be 3213 + (-3)/(-3) + -4. Let v = j - -436. Is v composite?
True
Suppose -13 = -5*y + 12. Suppose -y*w + 252 = -263. Is w prime?
True
Is (-1479 + -3)*-3 - 3 prime?
False
Let m be 2 + (-1260)/(-3) + 1. Suppose -2*a + 138 - 562 = 0. Let i = a + m. Is i a composite number?
False
Let r = -95 + 100. Suppose 0*q + 3*s = r*q - 6320, -6315 = -5*q + 2*s. Is q composite?
True
Let v(r) = 25*r**2 + 8*r + 6. Is v(-13) prime?
True
Let r be 1/(-4) + 15/(-4). Let n(c) = -51*c. Let m be n(r). Suppose 0 = -4*x - 48 + m. Is x prime?
False
Suppose -7*m = -3*m + 2*w - 73208, 3*m - 54895 = 4*w. Is m a prime number?
True
Let m(r) = -17*r + 14. Let l = -39 + 27. Is m(l) composite?
True
Suppose 0 = -4*b + 3*b + 6. Is ((-6542)/(-2))/(b + -5) prime?
True
Let j be (-1 + 7/5)*10. Suppose 2*v + 4*y + 12 = 4, 0 = -v - y - j. Is -5*v/(4/11) composite?
True
Suppose 5*n + 19 = q, -3*n = -8*q + 4*q + 25. Suppose -t - q*t - 2*u = -897, 5*u = 5. Is t a composite number?
False
Let t(p) = 255*p**2 + 2. Suppose -7*w + 3 = -10*w. Is t(w) composite?
False
Let b be ((-7825)/10)/((-2)/36). Suppose -2*h - 3*y + 4*y = -5636, -5*h + 5*y + b = 0. Is h a composite number?
False
Let p(n) = 2*n**3 - 4*n**2 - 2*n - 7. Let o be p(3). Suppose 0 = -o*m - 3*y + 1355 + 1071, 5*m + 5*y - 2420 = 0. Is m a composite number?
False
Suppose -187*l + 183722 = -173*l. Is l prime?
False
Let z(h) = -h**3 + 54*h**2 + 58*h + 41. Is z(26) a composite number?
False
Let z = -103 + 106. Suppose -u - 1724 = -z*g, -2*g + g + 568 = u. Is g composite?
True
Suppose -10*a - 13108 = -38898. Is a a composite number?
False
Let n(t) = 3 - 4 - 7*t**3 + 8*t**2 + 2*t - 10*t. Let k(q) = q**3 + q - 1. Let d(h) = 6*k(h) + n(h). Is d(5) prime?
False
Let y(d) = -2*d**3 + 6*d**2 + 3*d - 3. Let a = -9 + 5. Is y(a) a prime number?
False
Let n = 46 + -83. Let z = n + 186. Is z composite?
False
Suppose 3*w + w - 5*x = 13, -5*w - 2*x = -8. Suppose -788 = -w*m - 150. Let l = -210 + m. Is l a composite number?
False
Suppose -12 = -3*z + 7*z. Is (-1)/z + 7210/15 prime?
False
Suppose 0 = -j - 3*b + 2396, -5*b - 16 - 9 = 0. Is j a prime number?
True
Suppose -4*s - 3*j = 2*j - 13650, 5*s + j = 17073. Is s a composite number?
True
Let m(a) be the third derivative of a**5/2 + 3*a**4/8 + 5*a**3/6 - 24*a**2. Is m(4) a composite number?
False
Suppose 316 - 331 = -3*d. Suppose -2*j + j - 2*n + 440 = 0, 0 = 5*j - 5*n - 2125. Suppose -2*i - j = -4*i - 5*u, -d*i + 1029 = u. Is i a prime number?
False
Suppose -18 = -5*u + 4*p, 4*u + 3*p = -0*u + 2. Is ((-872)/(-16))/(u/4) prime?
True
Let o = 33 - 31. Suppose -2*i + 6 = o*t, -3 = -i + 2*i - 5*t. Let q = 21 + i. Is q composite?
False
Suppose -12895 = -3*k + k + a, 4*a = k - 6437. Is k prime?
True
Let o be (15*519)/(-5)*-1. Let a = -1070 + o. Is a prime?
True
Let g(y) = 10781*y**2 + 10*y + 10. Is g(-1) prime?
True
Let u = -288 + 83. Let r = u - -400. Suppose m - 12 = 5*q, 3*q + r = 5*m + 5*q. Is m a prime number?
True
Suppose 0*v - 4 = -a - 2*v, -3*a - 2*v + 8 = 0. Suppose -2*d = d - 747. Suppose -n = a*n - d. Is n composite?
False
Let m(t) be the first derivative of -6 + 8/3*t**3 + t - 5/2*t**2 - 1/4*t**4. Is m(7) a composite number?
True
Let m = -2691 - -4820. Is m composite?
False
Suppose 0 = -5*x + 30 + 20. Let w be (12/15)/(4/x). Is (1/w)/(2/2836) a composite number?
False
Suppose -2*w - w = -27. Is ((-6)/(-15) + w/(-10))*-1282 composite?
False
Let o(v) be the second derivative of -71/10*v**5 - 1/2*v**2 - 1/3*v**3 + 0*v**4 + 0 + 4*v. Is o(-1) prime?
False
Let s be (-1)/(((-25)/85)/(-5)). Let m = s - -21. Let c = 33 + m. Is c prime?
True
Is (-85528)/(-16) + (1 - (-4)/8) a composite number?
False
Suppose 21*w - 15*w = 12. Suppose -w*l - 2*i = -526, -5*i - 674 = -4*l + 369. Is l a composite number?
True
Let f = 35 - 28. Suppose f*i = 3*i + 376. Is i prime?
False
Let o(x) = -x**2 + 4*x + 28. Let y be o(8). Let c(p) = 45*p + 1. Let u be c(-3). Is (-1)/(((-8)/y)/u) a prime number?
True
Suppose 0*b + 30 = -2*b. Let s be (-3)/b - (-1476)/20. Let u = s + 335. Is u prime?
True
Suppose -4*f + 4 = -4. Suppose -2*p + 4*z + 10 = z, -5*z - f = 4*p. Suppose p*n - 178 = -0*n. Is n prime?
True
Let b(d) = d**2 - 1. Let o be b(-1). Suppose 4*h - 3 - 1 = o. Let r = 10 + h. Is r a composite number?
False
Suppose 5*z - 510 = -3*r, 4*z + 0*r + r - 408 = 0. Let d = -22 + z. Let k = -23 + d. Is k composite?
True
Suppose 2*m + m + 156 = 0. Let c be m/(-20) + (-6)/(-15). Suppose -p + 0 = -c. Is p composite?
False
Let w = -43397 - -89338. Is w a composite number?
True
Let u(b) = b**2 + 9*b + 4. Let r be (-198)/27 - 1/(-3). Let y be u(r). Is (-9552)/(-30) + (-6)/y a composite number?
True
Suppose 42 = 2*i - 16*i. Is ((-17)/4)/(i/996) composite?
True
Let b = 99 + -19. Let h = b + -43. Is h composite?
False
Let v = -8353 + 14090. Is v prime?
True
Suppose 4*o - 6306 = -2*r, r - 1267 - 1916 = 4*o. Is r prime?
True
Suppose -9*b + 13094 + 11845 = 0. Is b a prime number?
False
Suppose 0 = 5*b + a - 255365, -48*a + 51054 = b - 44*a. Is b composite?
True
Suppose 39 - 7 = 8*y. Let c be (-5 + -755)*y/(-8). Let s = c - 51. Is s a composite number?
True
Suppose 6*v = 8*v + 6. Let k be (-24)/32*8/v. Is (1 - k)/((-4)/532) composite?
True
Let y = 20 - 12. Suppose n = -y + 7. Is 2/2*(-47)/n composite?
False
Suppose 0 = -m + 4. Suppose -16 = -2*u + 4*k, 2*k = -2*k - m. Suppose 2*x + 52 = u*x. Is x a composite number?
False
Let o = 18676 - 8298. Is o a composite number?
True
Let f(x) = -x**3 - 3*x**2 + 5*x + 5. Let l be f(-4). Let c be 1/((-252)/250 + l). Let n = c + 336. Is n a prime number?
True
Let n(o) = 4*o**2 - 8*o + 7. Let q = -21 + -7. Let i be 1 + 2*q/(-8). Is n(i) a prime number?
True
Let g(m) be the third derivative of m**6/120 + 3*m**5/5 + 25*m**4/12 + 16*m**3/3 - 16*m**2. Is g(-31) composite?
True
Let w(k) = -2*k + 65. Let a(q) = -q**2 + 5*q + 8. Let i be a(5). Suppose 2*s - 3*s - i = -2*f, 2*s - 12 = -3*f. Is w(s) a composite number?
True
Let c(q) = -q**2 + 14*q - 11. Let u be c(5). Let j = u - -1025. Is j a composite number?
True
Let p(u) = u**3 + 12*u**2 - 5*u + 6. Let h be p(-6). Suppose 3*g = 2*i + 2*g - 531, -i + h = -5*g. Is i a prime number?
False
Let b be (4 + -2 + 8)*(-15)/(-25). Is (4 + (-21)/b)/((-1)/(-2846)) composite?
False
Let n(b) = 